the prime factors of ((-24)/15)/((-2)/285)?
2, 3, 19
Let a = 0 - 1. Let u(k) = k**3 + k**2 + 2*k + 1. Let i be u(a). What are the prime factors of i/(-4) + (-78)/(-8)?
2, 5
Let d(h) = 9*h**2 + 2*h. List the prime factors of d(-4).
2, 17
Let f(p) = 11*p**2 + 4*p - 4. Let q be f(3). Let m = q - 44. Suppose -4*r + 3*b - 19 = -m, -5*r + 2*b + 48 = 0. List the prime factors of r.
2
Suppose 0 = -4*a - 2*o + 8, 6 + 2 = 4*a + 5*o. Suppose 4*q = a*d - 18 - 4, 3*d = q + 48. What are the prime factors of d?
17
Let x be (-6 + 6)/(4/(-2)). Suppose 0 = -2*b + t + 23, t = -x*b + 4*b - 51. Let j = b - 8. List the prime factors of j.
2, 3
Suppose 0 = 4*l - 2*g + 12, 5*l + 30 = -8*g + 3*g. Let r = l + 7. What are the prime factors of r?
3
Suppose -4*q + 6*q = -10. Let s be (0 - q)*(-44)/(-10). Let t = s - 11. List the prime factors of t.
11
Let t = 5 + -1. What are the prime factors of -8*(-2 - (-2)/t)?
2, 3
Suppose -11*l + 7*l = -80. What are the prime factors of l?
2, 5
Let k(i) = i**2 + i. Let b be k(-4). Suppose -o = 2*o - b. What are the prime factors of o?
2
Suppose 0 = 2*u - u - 4. What are the prime factors of u?
2
Suppose -9 + 25 = -4*m. What are the prime factors of (1/(-2))/(m/296)?
37
Let m = 417 - 116. What are the prime factors of m?
7, 43
Let a(y) = -y**3 - y**2 - y + 1. Let s be a(0). Suppose -s = g - x - 11, -g = 2*x - 1. List the prime factors of g.
7
Suppose 4*h = -0 - 12. Let o be h/9 + (-62)/(-6). Suppose 0 = 4*v - o + 2. What are the prime factors of v?
2
Suppose v + 45 = 124. What are the prime factors of v?
79
Suppose -11*r + 132 = -7*r. List the prime factors of r.
3, 11
Let s = 205 + -116. List the prime factors of s.
89
Let f = -37 + 134. What are the prime factors of f?
97
Let z be -1*(16*2 + 0). Let x = z - -54. What are the prime factors of x?
2, 11
Let i(j) = -j**3 - 3*j**2 + 7*j + 1. Let k(r) = -6*r**2 + 1. Let p be k(-1). What are the prime factors of i(p)?
2
Let b = 10 + -8. Suppose b*t = -5*d - 7, -3*t + 3*d = 7*d. Suppose -q + 3 = -t. What are the prime factors of q?
7
Suppose 17 = 2*n - 5*j, 10 = -3*n + 4*n - 3*j. Let l = 1 - n. Suppose l = 4*b - 2*b - 10. What are the prime factors of b?
5
Suppose -4*l = t + 13, 3*t - 65 = 8*t + 3*l. Let z = t + 36. List the prime factors of z.
23
Suppose -8*f - f + 315 = 0. Let r be (-1)/(-2) - 15/(-6). Suppose 3*v - f = 5*b, r*b = -5*v + 93 - 12. What are the prime factors of v?
3, 5
List the prime factors of 83 + (-4 - (-1 - 0)).
2, 5
Let t be (-33)/(-5) + 2/5. Let j(a) = a - 7. Let o be j(8). Suppose -o + t = 2*v. What are the prime factors of v?
3
Let f = -2 - -4. Suppose 2*j = l - f, 2*j = 5*l + 17 + 5. Let v = 14 + l. List the prime factors of v.
2
Suppose -4*f - f = -20. Let d = f - 2. Suppose 23 = 3*h - d*a, 4*a - 97 = -5*h - 22. What are the prime factors of h?
11
Let l(q) = -39*q**3 - q**2 + q + 1. List the prime factors of l(-1).
2, 19
List the prime factors of ((3 - 1) + 47/3)*6.
2, 53
Let n = 11 - 9. Let x(p) = 2*p**2 + 2*p - 2. List the prime factors of x(n).
2, 5
Suppose 10 = -y + 3*y. Suppose -r - 3*r - 3 = s, r = -y. What are the prime factors of s?
17
Let d(o) = -4*o - 1. Let z(j) = -j + 2. Let p be z(4). List the prime factors of d(p).
7
Let n(f) = 4*f**2 - 6*f - 3*f**2 - 3 - 6. Let s = 1 + 7. What are the prime factors of n(s)?
7
Suppose -8*n + 3*n = 0. Suppose 6*b - 41 = 4*b - 5*o, n = -2*o + 10. List the prime factors of b.
2
Let b = -17 + 24. List the prime factors of b.
7
Suppose -2*p + 2*u = -0*p - 28, 5*p - 102 = -3*u. Suppose 2*x + 3*x - 115 = 0. Suppose p = 4*h + a + a, -4*h + x = a. What are the prime factors of h?
7
Suppose -4*z - 4 = 8. Let u(w) = -2*w. List the prime factors of u(z).
2, 3
Let n = -3 - -3. Suppose 2*z + n*z - 2*w = 14, 4*w = z + 2. List the prime factors of z.
2, 5
List the prime factors of 2 - (-34 + (-3 - 0)).
3, 13
Let r be (-13)/(-15) - 2/(-15). List the prime factors of (-33)/(-3) + 0/r.
11
Let s be 1/2 + 205/10. Suppose -2*o = 9 - s. List the prime factors of o.
2, 3
Let g(i) = 5*i - 1. Let j be g(1). Suppose 2*f = -8, j*r - 40 = 3*f - 0. What are the prime factors of r?
7
What are the prime factors of (-20)/6*(-2 + -1)?
2, 5
Let c(g) = 2*g - 6. Let i(b) = -b**3 + 4*b**2 - b - 1. Let o be i(3). Let t be c(o). Suppose -3*l = -t*l + 3. List the prime factors of l.
3
Let d = 4 - 3. Let m = d + -4. List the prime factors of (m - 1)*21/(-12).
7
Suppose 0 = -4*n + 5*n. Let x = 0 - -2. List the prime factors of 12 - n/(x + 0).
2, 3
Suppose 5*t = 5*u + 215, -3*t - 8*u = -9*u - 127. What are the prime factors of t?
2, 3, 7
What are the prime factors of (-2 - -124)*(-6)/(-12)?
61
Let r be (2/(-4))/((-6)/300). Suppose 0 = 2*s - 10, 4*x - 4*s - r = -5*s. What are the prime factors of x?
5
Let q(x) = -13 + 8 + 3 + 4 + 6*x + x**2. Let u(d) = 3*d - 1. Let m be u(-2). List the prime factors of q(m).
3
Let k = -2 + 7. Let j = k + 3. Suppose a - 6 = -3*d + j, -3*d - 30 = -3*a. List the prime factors of a.
11
Let g(o) = 23*o - 40. List the prime factors of g(12).
2, 59
Let l be (1 + -2 + 1)/(-1). Suppose l = -f - f + 4. Suppose z = 4*z + f*g - 14, 0 = -2*g + 8. What are the prime factors of z?
2
Suppose 3*m - 12 = 0, 2*b - 4*m = -3 - 5. Suppose -z - 24 = -b*z. List the prime factors of z.
2
Let b(a) be the third derivative of a**6/120 - a**5/60 + 7*a**3/2 + a**2. Let u be b(0). Suppose n = 4*n - u. List the prime factors of n.
7
Let w(q) = q**2 - 5*q + 5. List the prime factors of w(-6).
71
Suppose 26*u = 22*u + 128. What are the prime factors of u?
2
Suppose -3*y - 53 = -668. List the prime factors of y.
5, 41
Suppose -2*y = -4*y. Suppose 2*f - 3 - 9 = y. What are the prime factors of f?
2, 3
Let t(o) = -o - 7. Suppose 3*i = -22 + 4. Let x be t(i). List the prime factors of 0 + (-2)/(x + 0).
2
Let h = 0 - -2. Suppose h*y + y - 30 = 0. Let w = -4 + y. List the prime factors of w.
2, 3
Let i(k) = k**3 + 13*k**2 + 2. Let n be i(-13). Suppose 1 = n*f - 9. Let p = f - 2. List the prime factors of p.
3
Suppose -24*x = -25*x + 39. What are the prime factors of x?
3, 13
Let w be (-43)/5 + (-10)/25. Let j = w + 33. What are the prime factors of j?
2, 3
Let r(u) = 27*u + 1. List the prime factors of r(1).
2, 7
List the prime factors of (-15)/(-90) - 22/(-12).
2
Let o = 8 - 3. Suppose 0 = -3*y + 4*l - 9*l - 14, -o*y = 2*l - 2. Suppose 2*a + 2*g - y = 10, -3*g = -a + 22. What are the prime factors of a?
2, 5
Suppose -2*j = -5*q + 92, 0*q + 3*q - 49 = -5*j. Suppose 0 = -3*n + m - 17, -15 - 7 = 3*n + 4*m. Let a = n + q. List the prime factors of a.
2, 3
Let r(a) = 3*a**2 - 6*a - 1 - 2*a**2 + 0*a. Let d(m) = -m**3 + 26*m**2 + 25*m + 61. Let n be d(27). What are the prime factors of r(n)?
2, 3
Let o(t) = t**2 + 6*t + 1. List the prime factors of o(5).
2, 7
Let z(f) = -f - 14. Let b(n) = -n - 15. Let r(d) = 3*b(d) - 4*z(d). What are the prime factors of r(9)?
2, 5
Let z(r) = 4*r**2 - 5*r**2 + 5 + 2*r**2 - 8*r + 0*r**2. What are the prime factors of z(8)?
5
Let q = -6 + 5. Let p(h) = 15*h**2. What are the prime factors of p(q)?
3, 5
Suppose -3*a = -8*a - 35. Let y(u) = -u**2 - 8*u - 4. List the prime factors of y(a).
3
Let f be 101/(22/(-7) - -3). List the prime factors of (-2)/15 + f/(-15).
47
Suppose 0 = 5*f - 5*b - 200, -1 = -b + 2. List the prime factors of f.
43
Suppose -i + 0*i = 2*d - 82, -2*d - 318 = -4*i. What are the prime factors of i?
2, 5
Let p = 50 + 32. List the prime factors of p.
2, 41
Suppose 4 = 5*p + 2*n, -8*p = -5*p - 2*n - 12. List the prime factors of p.
2
Let x(z) be the second derivative of -z**3/3 - 5*z**2/2 + 6*z. What are the prime factors of x(-11)?
17
Let w(v) be the first derivative of 7*v**2/2 + 11*v - 2. Let t be w(9). Suppose -5*a - 3*q + t = 0, 2*a = -2*a - q + 55. What are the prime factors of a?
13
Let x(f) = -4 - 2*f + f + 14. Let o be x(7). Suppose 0 = -o*u + 14 + 16. What are the prime factors of u?
2, 5
Suppose 0 = -y - 4*y + 250. Let s = y + -35. Suppose 2*k - 9 = -u + k, -3*k = u - s. What are the prime factors of u?
2, 3
Let l(c) = 2*c + 10. Suppose -4*p - 45 = p. Let f be l(p). List the prime factors of (-5 + 3)*(f - -1).
2, 7
Let y be 67/4 - (-4)/16. Let p = y + 1. List the prime factors of p - 1/2*0.
2, 3
Suppose -4*m - 13 = -1, 696 = 5*l - 2*m. Suppose 3*h - y = l, 4*y - 165 = -4*h - y. What are the prime factors of h?
